{"id":139,"date":"2019-07-31T12:28:27","date_gmt":"2019-07-31T10:28:27","guid":{"rendered":"https:\/\/bergers-polonais.com\/boutique\/?post_type=product&#038;p=139"},"modified":"2019-08-02T22:41:01","modified_gmt":"2019-08-02T20:41:01","slug":"culbuto-a-croquettes","status":"publish","type":"product","link":"https:\/\/bergers-polonais.com\/boutique\/produit\/culbuto-a-croquettes\/","title":{"rendered":"Culbuto \u00e0 croquettes"},"content":{"rendered":"","protected":false},"excerpt":{"rendered":"<p>Nina Ottosson a d\u00e9velopp\u00e9 toute une collection de jeux\u00a0 permettant d&rsquo;occuper le chien et faisant appel \u00e0 ses facult\u00e9s intellectuelles<br \/>\nLa marque Kong s&rsquo;y est \u00e9galement mis et offre un jouet similaire en caoutchouc dur, certainement plus silencieux pour vos oreilles &#8230;<\/p>\n<p>Vous pouvez mettre dans ce culbuto des croquettes que le chien devra faire ressortir en le poussant avec ses pattes ou le museau<br \/>\nL&rsquo;avantage d&rsquo;un Culbuto par rapport \u00e0 une boule est qu&rsquo;il ne roule pas et pr\u00e9serve les articulations du chiot de mouvements violents et inappropri\u00e9s sur un sol glissant (carrelage)<\/p>\n<p>Vous trouverez cet article et bien d&rsquo;autres sur Amazon en recherchant &lsquo;<a href=\"https:\/\/www.amazon.fr\/s?k=nina+ottosson+dog&amp;__mk_fr_FR=%C3%85M%C3%85%C5%BD%C3%95%C3%91&amp;ref=nb_sb_noss\" target=\"_blank\" rel=\"noopener noreferrer\">Nina Ottosson dog<\/a>&lsquo; ou &lsquo;<a href=\"https:\/\/www.amazon.fr\/s?k=nina+ottosson+pyramid&amp;__mk_fr_FR=%C3%85M%C3%85%C5%BD%C3%95%C3%91&amp;ref=nb_sb_noss\" target=\"_blank\" rel=\"noopener noreferrer\">Nina Ottosson Pyramid<\/a>&lsquo;<br \/>\nEn produit kong &lsquo;<a href=\"https:\/\/www.amazon.fr\/s?k=kong+jouet+chien&amp;__mk_fr_FR=%C3%85M%C3%85%C5%BD%C3%95%C3%91&amp;ref=nb_sb_noss\" target=\"_blank\" rel=\"noopener noreferrer\">kong jouet chien<\/a>&lsquo; ou &lsquo;<a href=\"https:\/\/www.amazon.fr\/s?k=kong+wobbler&amp;__mk_fr_FR=%C3%85M%C3%85%C5%BD%C3%95%C3%91&amp;ref=nb_sb_noss_1\" target=\"_blank\" rel=\"noopener noreferrer\">kong wobler<\/a>&lsquo;<\/p>\n","protected":false},"featured_media":140,"comment_status":"open","ping_status":"closed","template":"","meta":[],"product_cat":[28],"product_tag":[],"_links":{"self":[{"href":"https:\/\/bergers-polonais.com\/boutique\/wp-json\/wp\/v2\/product\/139"}],"collection":[{"href":"https:\/\/bergers-polonais.com\/boutique\/wp-json\/wp\/v2\/product"}],"about":[{"href":"https:\/\/bergers-polonais.com\/boutique\/wp-json\/wp\/v2\/types\/product"}],"replies":[{"embeddable":true,"href":"https:\/\/bergers-polonais.com\/boutique\/wp-json\/wp\/v2\/comments?post=139"}],"version-history":[{"count":7,"href":"https:\/\/bergers-polonais.com\/boutique\/wp-json\/wp\/v2\/product\/139\/revisions"}],"predecessor-version":[{"id":253,"href":"https:\/\/bergers-polonais.com\/boutique\/wp-json\/wp\/v2\/product\/139\/revisions\/253"}],"wp:featuredmedia":[{"embeddable":true,"href":"https:\/\/bergers-polonais.com\/boutique\/wp-json\/wp\/v2\/media\/140"}],"wp:attachment":[{"href":"https:\/\/bergers-polonais.com\/boutique\/wp-json\/wp\/v2\/media?parent=139"}],"wp:term":[{"taxonomy":"product_cat","embeddable":true,"href":"https:\/\/bergers-polonais.com\/boutique\/wp-json\/wp\/v2\/product_cat?post=139"},{"taxonomy":"product_tag","embeddable":true,"href":"https:\/\/bergers-polonais.com\/boutique\/wp-json\/wp\/v2\/product_tag?post=139"}],"curies":[{"name":"wp","href":"https:\/\/api.w.org\/{rel}","templated":true}]}}