{"id":270,"date":"2019-08-03T10:27:57","date_gmt":"2019-08-03T08:27:57","guid":{"rendered":"https:\/\/bergers-polonais.com\/boutique\/?post_type=product&#038;p=270"},"modified":"2019-08-04T13:21:48","modified_gmt":"2019-08-04T11:21:48","slug":"corbeille-de-couchage","status":"publish","type":"product","link":"https:\/\/bergers-polonais.com\/boutique\/produit\/corbeille-de-couchage\/","title":{"rendered":"Corbeille de couchage"},"content":{"rendered":"","protected":false},"excerpt":{"rendered":"<p>Cette corbeille peut prendre diff\u00e9rentes formes<\/p>\n<ul>\n<li>Corbeille plastique \u00e0 laquelle on associera un <a href=\"https:\/\/bergers-polonais.com\/boutique\/produit\/tapis-de-couchage\/\">Tapis de couchage<\/a><\/li>\n<li>Corbeille tissu ou couchage deux en un certainement plus confortable mais moins facile d&rsquo;entretien du fait de son volume &#8230;<\/li>\n<\/ul>\n<p>Dans tous les cas <strong>proscrire<\/strong> la corbeille en Osier qui certes tr\u00e8s jolie au d\u00e9but le sera certainement moins apr\u00e8s que le chien se soit attaqu\u00e9 \u00e0 la garniture qui repr\u00e9sente un danger non n\u00e9gligeable par ingestion !<\/p>\n<p>Les dimensions pour chien adulte seraient d&rsquo;environ 70 cm pour un Nizinny et 100 cm pour un Podhale.<\/p>\n<p>Cette corbeille peut \u00e9galement servir pour le transport de votre compagnon si toutefois les dimensions de votre coffre le permettent !<\/p>\n<p>On trouve ces articles dans toute animalerie ou sur Amazon en cherchant &lsquo;<a href=\"https:\/\/www.amazon.fr\/s?k=corbeille+chien&amp;__mk_fr_FR=%C3%85M%C3%85%C5%BD%C3%95%C3%91&amp;ref=nb_sb_noss_1\" target=\"_blank\" rel=\"noopener noreferrer\">corbeille chien<\/a>&lsquo;<br \/>\nprix indicatif entre 20 et 50 euros<\/p>\n","protected":false},"featured_media":274,"comment_status":"open","ping_status":"closed","template":"","meta":[],"product_cat":[30,31],"product_tag":[],"_links":{"self":[{"href":"https:\/\/bergers-polonais.com\/boutique\/wp-json\/wp\/v2\/product\/270"}],"collection":[{"href":"https:\/\/bergers-polonais.com\/boutique\/wp-json\/wp\/v2\/product"}],"about":[{"href":"https:\/\/bergers-polonais.com\/boutique\/wp-json\/wp\/v2\/types\/product"}],"replies":[{"embeddable":true,"href":"https:\/\/bergers-polonais.com\/boutique\/wp-json\/wp\/v2\/comments?post=270"}],"version-history":[{"count":3,"href":"https:\/\/bergers-polonais.com\/boutique\/wp-json\/wp\/v2\/product\/270\/revisions"}],"predecessor-version":[{"id":315,"href":"https:\/\/bergers-polonais.com\/boutique\/wp-json\/wp\/v2\/product\/270\/revisions\/315"}],"wp:featuredmedia":[{"embeddable":true,"href":"https:\/\/bergers-polonais.com\/boutique\/wp-json\/wp\/v2\/media\/274"}],"wp:attachment":[{"href":"https:\/\/bergers-polonais.com\/boutique\/wp-json\/wp\/v2\/media?parent=270"}],"wp:term":[{"taxonomy":"product_cat","embeddable":true,"href":"https:\/\/bergers-polonais.com\/boutique\/wp-json\/wp\/v2\/product_cat?post=270"},{"taxonomy":"product_tag","embeddable":true,"href":"https:\/\/bergers-polonais.com\/boutique\/wp-json\/wp\/v2\/product_tag?post=270"}],"curies":[{"name":"wp","href":"https:\/\/api.w.org\/{rel}","templated":true}]}}