{"id":407,"date":"2019-09-01T18:12:15","date_gmt":"2019-09-01T16:12:15","guid":{"rendered":"https:\/\/bergers-polonais.com\/boutique\/?post_type=product&#038;p=407"},"modified":"2019-09-01T18:20:49","modified_gmt":"2019-09-01T16:20:49","slug":"dental-ball","status":"publish","type":"product","link":"https:\/\/bergers-polonais.com\/boutique\/produit\/dental-ball\/","title":{"rendered":"Dental Ball"},"content":{"rendered":"","protected":false},"excerpt":{"rendered":"<p>Cette balle est pratiquement indestructible<\/p>\n<p>Elle contribue\u00a0 \u00e0 l&rsquo;entretien des dentitions<br \/>\nla marque Bubimex est recommand\u00e9e pour sa solidit\u00e9<br \/>\nen vente en animalerie, sur internet ou sur Amazon en cherchant &lsquo;<a href=\"https:\/\/www.amazon.fr\/s?k=dental+ball&amp;__mk_fr_FR=\u00c5M\u00c5\u017d\u00d5\u00d1&amp;ref=nb_sb_noss_1\" target=\"_blank\" rel=\"noopener noreferrer\">dental Ball<\/a>&lsquo;<\/p>\n","protected":false},"featured_media":409,"comment_status":"open","ping_status":"closed","template":"","meta":[],"product_cat":[29,28],"product_tag":[],"_links":{"self":[{"href":"https:\/\/bergers-polonais.com\/boutique\/wp-json\/wp\/v2\/product\/407"}],"collection":[{"href":"https:\/\/bergers-polonais.com\/boutique\/wp-json\/wp\/v2\/product"}],"about":[{"href":"https:\/\/bergers-polonais.com\/boutique\/wp-json\/wp\/v2\/types\/product"}],"replies":[{"embeddable":true,"href":"https:\/\/bergers-polonais.com\/boutique\/wp-json\/wp\/v2\/comments?post=407"}],"version-history":[{"count":3,"href":"https:\/\/bergers-polonais.com\/boutique\/wp-json\/wp\/v2\/product\/407\/revisions"}],"predecessor-version":[{"id":412,"href":"https:\/\/bergers-polonais.com\/boutique\/wp-json\/wp\/v2\/product\/407\/revisions\/412"}],"wp:featuredmedia":[{"embeddable":true,"href":"https:\/\/bergers-polonais.com\/boutique\/wp-json\/wp\/v2\/media\/409"}],"wp:attachment":[{"href":"https:\/\/bergers-polonais.com\/boutique\/wp-json\/wp\/v2\/media?parent=407"}],"wp:term":[{"taxonomy":"product_cat","embeddable":true,"href":"https:\/\/bergers-polonais.com\/boutique\/wp-json\/wp\/v2\/product_cat?post=407"},{"taxonomy":"product_tag","embeddable":true,"href":"https:\/\/bergers-polonais.com\/boutique\/wp-json\/wp\/v2\/product_tag?post=407"}],"curies":[{"name":"wp","href":"https:\/\/api.w.org\/{rel}","templated":true}]}}